emainder when 2605228 is divided by 3428.
3376
What is the remainder when 34016721 is divided by 71614?
71
What is the remainder when 78721 is divided by 15711?
166
Calculate the remainder when 1913250043 is divided by 7.
5
What is the remainder when 2342262 is divided by 2342235?
27
What is the remainder when 21511277 is divided by 2396?
2385
Calculate the remainder when 4504260 is divided by 1736.
1076
Calculate the remainder when 58239 is divided by 7245.
279
What is the remainder when 24543479 is divided by 1285?
1264
Calculate the remainder when 2659846 is divided by 2310.
1036
Calculate the remainder when 4601559 is divided by 4601557.
2
What is the remainder when 3641232 is divided by 1213740?
12
What is the remainder when 3379196 is divided by 452?
44
Calculate the remainder when 31192524 is divided by 1417842.
0
Calculate the remainder when 3127820 is divided by 193.
62
Calculate the remainder when 118752 is divided by 19776.
96
Calculate the remainder when 297157243 is divided by 1152.
1147
What is the remainder when 440232 is divided by 5703?
1101
What is the remainder when 21219773 is divided by 8?
5
What is the remainder when 209615 is divided by 7561?
5468
What is the remainder when 1724174 is divided by 149?
95
What is the remainder when 461243 is divided by 1165?
1068
Calculate the remainder when 9540 is divided by 1459.
786
What is the remainder when 53775 is divided by 1099?
1023
Calculate the remainder when 136962 is divided by 17109.
90
Calculate the remainder when 185103 is divided by 969.
24
Calculate the remainder when 154938415 is divided by 42.
37
Calculate the remainder when 90032 is divided by 17653.
1767
Calculate the remainder when 224477 is divided by 246.
125
What is the remainder when 12763850 is divided by 12763820?
30
What is the remainder when 8437 is divided by 1588?
497
What is the remainder when 29603396 is divided by 803?
801
Calculate the remainder when 337649 is divided by 18746.
221
Calculate the remainder when 566854 is divided by 20930.
1744
Calculate the remainder when 1698652 is divided by 1714.
78
What is the remainder when 14230 is divided by 3769?
2923
Calculate the remainder when 365091 is divided by 52125.
216
Calculate the remainder when 38206 is divided by 509.
31
Calculate the remainder when 3880823 is divided by 776140.
123
What is the remainder when 1051156888 is divided by 14?
12
What is the remainder when 1239991 is divided by 100?
91
What is the remainder when 5785422 is divided by 82?
76
What is the remainder when 119907 is divided by 114?
93
Calculate the remainder when 427503 is divided by 4453.
15
What is the remainder when 1179804 is divided by 589896?
12
Calculate the remainder when 2315364 is divided by 141.
3
Calculate the remainder when 199405 is divided by 4058.
563
Calculate the remainder when 847022 is divided by 1519.
939
What is the remainder when 803018 is divided by 57358?
6
Calculate the remainder when 1846781 is divided by 1863.
548
What is the remainder when 789039 is divided by 20764?
7
What is the remainder when 22468561 is divided by 50719?
44
Calculate the remainder when 2309906 is divided by 260.
66
What is the remainder when 5650118 is divided by 5550?
218
Calculate the remainder when 68550 is divided by 1461.
1344
What is the remainder when 34804183 is divided by 111?
22
What is the remainder when 23668678 is divided by 23668664?
14
What is the remainder when 180657 is divided by 60208?
33
What is the remainder when 11695938 is divided by 2708?
86
What is the remainder when 1155394 is divided by 944?
882
What is the remainder when 9816092 is divided by 3272020?
32
Calculate the remainder when 13904037 is divided by 397.
303
Calculate the remainder when 6559879 is divided by 9820.
119
What is the remainder when 175033 is divided by 85785?
3463
Calculate the remainder when 1477336 is divided by 1647.
1624
What is the remainder when 11162542 is divided by 76983?
7
Calculate the remainder when 342988 is divided by 495.
448
What is the remainder when 10597966 is divided by 133?
127
Calculate the remainder when 652314 is divided by 108711.
48
What is the remainder when 70968 is divided by 13986?
1038
What is the remainder when 15535254 is divided by 548?
2
Calculate the remainder when 8102279 is divided by 7.
3
Calculate the remainder when 30238 is divided by 1080.
1078
Calculate the remainder when 188575 is divided by 2356.
95
What is the remainder when 10228906 is divided by 1136544?
10
What is the remainder when 21110370 is divided by 799?
790
Calculate the remainder when 162432 is divided by 4915.
237
Calculate the remainder when 168739 is divided by 997.
246
What is the remainder when 410158 is divided by 5468?
58
Calculate the remainder when 550736 is divided by 3197.
852
What is the remainder when 23481087 is divided by 48?
15
What is the remainder when 1685655 is divided by 561799?
258
Calculate the remainder when 134085117 is divided by 3792.
3789
Calculate the remainder when 64951447 is divided by 1342.
1331
Calculate the remainder when 21873849 is divided by 257339.
34
Calculate the remainder when 295825 is divided by 5219.
3561
Calculate the remainder when 10178527 is divided by 85.
32
What is the remainder when 1246825 is divided by 10?
5
Calculate the remainder when 1659940 is divided by 1659549.
391
What is the remainder when 38396720 is divided by 290884?
32
What is the remainder when 22001442 is divided by 1833450?
42
Calculate the remainder when 360179 is divided by 4860.
539
Calculate the remainder when 41853462 is divided by 15.
12
Calculate the remainder when 172522 is divided by 24576.
490
What is the remainder when 64372 is divided by 2453?
594
What is the remainder when 21461 is divided by 10661?
139
Calculate the remainder when 7181583 is divided by 26.
19
What is the remainder when 300781887 is divided by 18?
15
Calculate the remainder when 1163532 is divided by 17366.
10
What is the remainder when 154025 is divided by 127?
101
What is the remainder when 6848104 is divided by 308?
32
Calculate the remainder when 11698314 is divided by 964.
174
What is the remainder when 20074611 is divided by 6691528?
27
What is the remainder when 28142353 is divided by 221?
213
What is the remainder when 3451027 is divided by 1133?
1042
Calculate the remainder when 1965910 is divided by 131060.
10
Calculate the remainder when 92270 is divided by 44800.
2670
Calculate the remainder when 179624822 is divided by 233.
229
Calculate the remainder when 8426378 is divided by 45.
38
Calculate the remainder when 1409745 is divided by 2008.
129
What is the remainder when 979003 is divided by 4944?
91
What is the remainder when 126564 is divided by 385?
284
What is the remainder when 31982 is divided by 1187?
1120
What is the remainder when 3045359 is divided by 23?
21
What is the remainder when 790110 is divided by 161?
83
What is the remainder when 675689 is divided by 675668?
21
What is the remainder when 18239003 is divided by 6079545?
368
What is the remainder when 204706 is divided by 4879?
4667
Calculate the remainder when 7528371 is divided by 6668.
199
Calculate the remainder when 36446238 is divided by 177.
168
Calculate the remainder when 128675 is divided by 14254.
389
Calculate the remainder when 836 is divided by 222.
170
Calculate the remainder when 2075044 is divided by 5748.
16
What is the remainder when 176230 is divided by 176207?
23
What is the remainder when 8473698 is divided by 706118?
282
What is the remainder when 33951912 is divided by 656?
632
Calculate the remainder when 27301 is divided by 683.
664
What is the remainder when 721473 is divided by 2775?
2748
Calculate the remainder when 228600 is divided by 1857.
189
What is the remainder when 1756532 is divided by 3253?
3165
Calculate the remainder when 4460793 is divided by 50117.
380
Calculate the remainder when 33997432 is divided by 4.
0
Calculate the remainder when 4927459 is divided by 257.
255
Calculate the remainder when 373825 is divided by 163.
66
Calculate the remainder when 404707 is divided by 58.
41
Calculate the remainder when 540036 is divided by 135008.
4
What is the remainder when 7876022 is divided by 114142?
224
Calculate the remainder when 1661554 is divided by 61